{"id":13048,"date":"2023-01-16T12:39:58","date_gmt":"2023-01-16T12:39:58","guid":{"rendered":"https:\/\/fibrosisquistica.org\/?post_type=mec-events&#038;p=13048"},"modified":"2025-03-28T10:49:28","modified_gmt":"2025-03-28T10:49:28","slug":"dia-internacional-de-las-personas-con-discapacidad-215","status":"publish","type":"mec-events","link":"https:\/\/fibrosisquistica.org\/en\/evento\/dia-internacional-de-las-personas-con-discapacidad-215\/","title":{"rendered":"D\u00eda Internacional de las Personas con Discapacidad"},"content":{"rendered":"<p>El 3 de diciembre se celebra cada a\u00f1o el D\u00eda Internacional de las Personas con Discapacidad.<\/p>","protected":false},"excerpt":{"rendered":"<p>El 3 de diciembre se&#8230;<\/p>","protected":false},"author":22,"featured_media":0,"comment_status":"closed","ping_status":"closed","template":"","tags":[],"mec_category":[71],"mec_speaker":[],"class_list":{"0":"post-13048","1":"mec-events","2":"type-mec-events","3":"status-publish","5":"mec_category-conmemoracion"},"acf":[],"_links":{"self":[{"href":"https:\/\/fibrosisquistica.org\/en\/wp-json\/wp\/v2\/mec-events\/13048","targetHints":{"allow":["GET"]}}],"collection":[{"href":"https:\/\/fibrosisquistica.org\/en\/wp-json\/wp\/v2\/mec-events"}],"about":[{"href":"https:\/\/fibrosisquistica.org\/en\/wp-json\/wp\/v2\/types\/mec-events"}],"author":[{"embeddable":true,"href":"https:\/\/fibrosisquistica.org\/en\/wp-json\/wp\/v2\/users\/22"}],"replies":[{"embeddable":true,"href":"https:\/\/fibrosisquistica.org\/en\/wp-json\/wp\/v2\/comments?post=13048"}],"wp:attachment":[{"href":"https:\/\/fibrosisquistica.org\/en\/wp-json\/wp\/v2\/media?parent=13048"}],"wp:term":[{"taxonomy":"post_tag","embeddable":true,"href":"https:\/\/fibrosisquistica.org\/en\/wp-json\/wp\/v2\/tags?post=13048"},{"taxonomy":"mec_category","embeddable":true,"href":"https:\/\/fibrosisquistica.org\/en\/wp-json\/wp\/v2\/mec_category?post=13048"},{"taxonomy":"mec_speaker","embeddable":true,"href":"https:\/\/fibrosisquistica.org\/en\/wp-json\/wp\/v2\/mec_speaker?post=13048"}],"curies":[{"name":"wp","href":"https:\/\/api.w.org\/{rel}","templated":true}]}}

Día Internacional de las Personas con Discapacidad

<p>El 3 de diciembre se celebra cada año el Día Internacional de las Personas con Discapacidad.</p>
