{"id":13049,"date":"2023-01-16T12:40:45","date_gmt":"2023-01-16T12:40:45","guid":{"rendered":"https:\/\/fibrosisquistica.org\/?post_type=mec-events&#038;p=13049"},"modified":"2025-03-28T10:49:04","modified_gmt":"2025-03-28T10:49:04","slug":"semana-europea-de-la-fibrosis-quistica-356","status":"publish","type":"mec-events","link":"https:\/\/fibrosisquistica.org\/en\/evento\/semana-europea-de-la-fibrosis-quistica-356\/","title":{"rendered":"Semana Europea de la Fibrosis Qu\u00edstica"},"content":{"rendered":"<p>Cada a\u00f1o se celebra la Semana Europea de la Fibrosis Qu\u00edstica, coincidiendo con la semana que recoge el d\u00eda 21 de noviembre.<\/p>","protected":false},"excerpt":{"rendered":"<p>Cada a\u00f1o se celebra la&#8230;<\/p>","protected":false},"author":22,"featured_media":0,"comment_status":"closed","ping_status":"closed","template":"","tags":[],"mec_category":[71],"mec_speaker":[],"class_list":{"0":"post-13049","1":"mec-events","2":"type-mec-events","3":"status-publish","5":"mec_category-conmemoracion"},"acf":[],"_links":{"self":[{"href":"https:\/\/fibrosisquistica.org\/en\/wp-json\/wp\/v2\/mec-events\/13049","targetHints":{"allow":["GET"]}}],"collection":[{"href":"https:\/\/fibrosisquistica.org\/en\/wp-json\/wp\/v2\/mec-events"}],"about":[{"href":"https:\/\/fibrosisquistica.org\/en\/wp-json\/wp\/v2\/types\/mec-events"}],"author":[{"embeddable":true,"href":"https:\/\/fibrosisquistica.org\/en\/wp-json\/wp\/v2\/users\/22"}],"replies":[{"embeddable":true,"href":"https:\/\/fibrosisquistica.org\/en\/wp-json\/wp\/v2\/comments?post=13049"}],"wp:attachment":[{"href":"https:\/\/fibrosisquistica.org\/en\/wp-json\/wp\/v2\/media?parent=13049"}],"wp:term":[{"taxonomy":"post_tag","embeddable":true,"href":"https:\/\/fibrosisquistica.org\/en\/wp-json\/wp\/v2\/tags?post=13049"},{"taxonomy":"mec_category","embeddable":true,"href":"https:\/\/fibrosisquistica.org\/en\/wp-json\/wp\/v2\/mec_category?post=13049"},{"taxonomy":"mec_speaker","embeddable":true,"href":"https:\/\/fibrosisquistica.org\/en\/wp-json\/wp\/v2\/mec_speaker?post=13049"}],"curies":[{"name":"wp","href":"https:\/\/api.w.org\/{rel}","templated":true}]}}

Semana Europea de la Fibrosis Quística

<p>Cada año se celebra la Semana Europea de la Fibrosis Quística, coincidiendo con la semana que recoge el día 21 de noviembre.</p>

<p>Cada año se celebra la&#8230;</p>
