{"id":13052,"date":"2023-01-16T12:43:03","date_gmt":"2023-01-16T12:43:03","guid":{"rendered":"https:\/\/fibrosisquistica.org\/?post_type=mec-events&#038;p=13052"},"modified":"2025-03-28T10:47:25","modified_gmt":"2025-03-28T10:47:25","slug":"dia-nacional-de-la-fibrosis-quistica-276","status":"publish","type":"mec-events","link":"https:\/\/fibrosisquistica.org\/en\/evento\/dia-nacional-de-la-fibrosis-quistica-276\/","title":{"rendered":"D\u00eda Nacional de la Fibrosis Qu\u00edstica"},"content":{"rendered":"<p>Como cada a\u00f1o, el cuarto mi\u00e9rcoles de abril se celebra en Espa\u00f1a el D\u00eda Nacional de la Fibrosis Qu\u00edstica.<\/p>\n<p>Toda la informaci\u00f3n en: <a href=\"https:\/\/dianacional.fibrosisquistica.org\/\">dianacional.fibrosisquistica.org<\/a><\/p>","protected":false},"excerpt":{"rendered":"<p>Como cada a\u00f1o, el cuarto&#8230;<\/p>","protected":false},"author":22,"featured_media":0,"comment_status":"closed","ping_status":"closed","template":"","tags":[],"mec_category":[71],"mec_speaker":[],"class_list":{"0":"post-13052","1":"mec-events","2":"type-mec-events","3":"status-publish","5":"mec_category-conmemoracion"},"acf":[],"_links":{"self":[{"href":"https:\/\/fibrosisquistica.org\/en\/wp-json\/wp\/v2\/mec-events\/13052","targetHints":{"allow":["GET"]}}],"collection":[{"href":"https:\/\/fibrosisquistica.org\/en\/wp-json\/wp\/v2\/mec-events"}],"about":[{"href":"https:\/\/fibrosisquistica.org\/en\/wp-json\/wp\/v2\/types\/mec-events"}],"author":[{"embeddable":true,"href":"https:\/\/fibrosisquistica.org\/en\/wp-json\/wp\/v2\/users\/22"}],"replies":[{"embeddable":true,"href":"https:\/\/fibrosisquistica.org\/en\/wp-json\/wp\/v2\/comments?post=13052"}],"wp:attachment":[{"href":"https:\/\/fibrosisquistica.org\/en\/wp-json\/wp\/v2\/media?parent=13052"}],"wp:term":[{"taxonomy":"post_tag","embeddable":true,"href":"https:\/\/fibrosisquistica.org\/en\/wp-json\/wp\/v2\/tags?post=13052"},{"taxonomy":"mec_category","embeddable":true,"href":"https:\/\/fibrosisquistica.org\/en\/wp-json\/wp\/v2\/mec_category?post=13052"},{"taxonomy":"mec_speaker","embeddable":true,"href":"https:\/\/fibrosisquistica.org\/en\/wp-json\/wp\/v2\/mec_speaker?post=13052"}],"curies":[{"name":"wp","href":"https:\/\/api.w.org\/{rel}","templated":true}]}}

Día Nacional de la Fibrosis Quística

<p>Como cada año, el cuarto miércoles de abril se celebra en España el Día Nacional de la Fibrosis Quística.</p>
<p>Toda la información en: <a href="https://dianacional.fibrosisquistica.org/">dianacional.fibrosisquistica.org</a></p>

<p>Como cada año, el cuarto&#8230;</p>
